de 101034580?
True
Is 9 a factor of 36704394?
True
Is 51 a factor of 12276705?
False
Does 139 divide 21025498?
False
Does 18 divide 331335103?
False
Does 103 divide 50816801?
True
Is 7250608 a multiple of 983?
True
Does 13 divide 8972683?
False
Does 12 divide 7896252?
True
Is 589413030 a multiple of 2687?
False
Does 1127 divide 14398591?
False
Is 167681670 a multiple of 78?
True
Is 2988 a factor of 297332100?
False
Is 57 a factor of 158746888?
False
Does 2190 divide 904397730?
True
Does 184 divide 442274176?
True
Is 14482404 a multiple of 879?
True
Is 41 a factor of 10597746?
False
Is 5 a factor of 1360323?
False
Is 994 a factor of 115813922?
True
Is 58458408 a multiple of 388?
True
Is 439957839 a multiple of 807?
True
Is 15 a factor of 19143615?
True
Is 330 a factor of 24914340?
True
Does 56 divide 564110779?
False
Does 65 divide 1512699465?
False
Is 14 a factor of 38067988?
True
Is 5228 a factor of 88933508?
True
Is 1080975966 a multiple of 147?
True
Is 299 a factor of 36508199?
True
Is 32 a factor of 78317280?
True
Is 10722 a factor of 1876264224?
True
Is 428418992 a multiple of 6801?
False
Is 24246852 a multiple of 1401?
False
Is 64934739 a multiple of 605?
False
Is 16 a factor of 742197030?
False
Is 1249726143 a multiple of 893?
False
Does 37 divide 5473706?
True
Is 2005 a factor of 128632780?
True
Is 1884786084 a multiple of 108?
True
Is 94 a factor of 412198648?
True
Is 300266406 a multiple of 957?
True
Is 42 a factor of 23154423?
False
Does 115 divide 22450415?
True
Is 832356 a multiple of 14?
True
Is 39312000 a multiple of 216?
True
Is 200114323 a multiple of 3623?
False
Does 125 divide 45469875?
True
Is 2083 a factor of 47207029?
True
Does 47 divide 1349554510?
False
Does 197 divide 338461915?
False
Is 34 a factor of 4116898186?
False
Is 88 a factor of 4716760?
False
Does 2366 divide 250547570?
True
Is 5 a factor of 8841635?
True
Is 1511426248 a multiple of 5?
False
Does 4 divide 69493020?
True
Is 2 a factor of 82969673?
False
Is 8 a factor of 151055768?
True
Does 542 divide 98982750?
True
Is 187410430 a multiple of 10?
True
Is 388 a factor of 583423960?
True
Is 1255429 a multiple of 7?
True
Does 2260 divide 391077579?
False
Does 411 divide 37075077?
True
Does 1558 divide 60660730?
True
Is 31 a factor of 888511305?
True
Is 539334692 a multiple of 13?
True
Is 132618868 a multiple of 54?
False
Is 376 a factor of 1233358960?
True
Does 1624 divide 152076232?
True
Does 18 divide 573372594?
True
Does 34 divide 15812699?
False
Is 73 a factor of 11338871?
True
Does 14 divide 190825054?
True
Is 26583740 a multiple of 809?
True
Is 92237626 a multiple of 26?
True
Does 23 divide 50809300?
True
Does 102 divide 39254292?
True
Does 1052 divide 11150148?
True
Is 19483290 a multiple of 2284?
False
Is 5137708 a multiple of 808?
False
Is 4108 a factor of 393451916?
True
Is 89076708 a multiple of 9?
True
Does 114 divide 10514790?
True
Is 2655 a factor of 83936116?
False
Does 42 divide 53788653?
False
Does 27 divide 8371608?
False
Is 3067 a factor of 353517310?
False
Is 93773223 a multiple of 4?
False
Is 120 a factor of 2256491280?
True
Is 6821325 a multiple of 1281?
True
Is 7475383 a multiple of 9?
False
Is 50264946 a multiple of 287?
False
Is 4 a factor of 711982?
False
Does 305 divide 2939580545?
True
Does 160 divide 8403520?
True
Does 26 divide 115254906?
True
Is 10777076 a multiple of 135?
False
Is 85419925 a multiple of 78?
False
Is 25294971 a multiple of 20?
False
Does 33 divide 105795359?
False
Is 46364921 a multiple of 92?
False
Is 228 a factor of 33865504?
False
Does 3017 divide 16552847?
False
Is 424 a factor of 1399061261?
False
Is 709174730 a multiple of 179?
True
Is 1610715810 a multiple of 165?
True
Is 755157 a multiple of 51?
True
Is 974 a factor of 28957994?
True
Is 123533173 a multiple of 1935?
False
Is 30228626 a multiple of 1245?
False
Is 720702321 a multiple of 2809?
True
Does 6563 divide 989155671?
True
Does 1339 divide 779366788?
False
Is 161912186 a multiple of 214?
True
Does 32 divide 659878856?
False
Is 72 a factor of 3493357089?
False
Does 3657 divide 747333549?
True
Is 834482688 a multiple of 96?
True
Is 1461606265 a multiple of 15?
False
Is 26160705 a multiple of 153?
True
Is 712 a factor of 650900527?
False
Is 789 a factor of 6065832?
True
Does 21 divide 30364859?
False
Does 187 divide 2556290?
True
Is 2 a factor of 25073970?
True
Does 1065 divide 146905035?
True
Is 191225093 a multiple of 47?
True
Is 8 a factor of 333700861?
False
Is 1043455980 a multiple of 70?
True
Is 326 a factor of 3544598?
True
Is 556 a factor of 53192849?
False
Is 17 a factor of 68676343?
False
Is 1653 a factor of 815099259?
True
Does 31 divide 12598927?
True
Is 319 a factor of 19872355?
False
Does 130 divide 5619685?
False
Is 103817342 a multiple of 14?
False
Does 12 divide 8920226?
False
Is 29 a factor of 303502313?
True
Does 1209 divide 1948996257?
True
Does 10 divide 85290440?
True
Is 16 a factor of 23161955?
False
Does 40 divide 3641428080?
True
Is 1576 a factor of 9154668?
False
Is 56 a factor of 24924816?
True
Is 1959094 a multiple of 3?
False
Is 4072 a factor of 580976139?
False
Is 80444305 a multiple of 442?
False
Is 90 a factor of 608314011?
False
Does 69 divide 21216327?
True
Is 71730330 a multiple of 16?
False
Is 2338 a factor of 104109922?
False
Is 199 a factor of 1235436440?
False
Does 12 divide 2382225?
False
Is 42028256 a multiple of 75?
False
Is 3437035664 a multiple of 3184?
True
Is 38 a factor of 53812408?
True
Is 11 a factor of 37498964?
False
Is 4551520 a multiple of 2?
True
Does 115 divide 5381460?
False
Does 507 divide 48188829?
True
Does 1586 divide 1801995754?
True
Is 359 a factor of 1821207?
True
Is 38291955 a multiple of 393?
True
Is 50849866 a multiple of 118?
False
Does 26 divide 831425705?
False
Does 101 divide 16301716?
False
Is 141712207 a multiple of 453?
False
Does 110 divide 1435959099?
False
Is 3404 a factor of 96775114?
False
Is 50347500 a multiple of 11?
False
Is 55622259 a multiple of 99?
True
Is 595 a factor of 51183548?
False
Is 6591994 a multiple of 389?
True
Does 4585 divide 283788575?
True
Is 86294594 a multiple of 167?
False
Does 256 divide 34644704?
False
Is 8326 a factor of 1847507660?
False
Does 50 divide 7066700?
True
Is 18 a factor of 54503586?
True
Does 6547 divide 1773484095?
True
Is 16 a factor of 59060464?
True
Does 4 divide 18604244?
True
Is 4609255 a multiple of 79?
True
Does 3428 divide 309171888?
False
Is 3641 a factor of 1092300?
True
Does 117 divide 373124837?
False
Does 364 divide 229855808?
True
Is 3800084 a multiple of 112?
False
Does 1928 divide 82360743?
False
Does 459 divide 48994578?
True
Does 348 divide 409914390?
False
Does 22 divide 257112661?
False
Is 24 a factor of 26145464?
False
Is 17466516 a multiple of 54?
True
Is 665 a factor of 53039902?
False
Does 1827 divide 2577816134?
False
Does 2506 divide 80675658?
True
Does 89 divide 9318567?
True
Is 21881256 a multiple of 3?
True
Is 166194990 a multiple of 9?
True
Is 203992468 a multiple of 2074?
False
Does 166 divide 189071560?
False
Is 124889424 a multiple of 264?
True
Is 3 a factor of 16711133?
False
Is 2478611798 a multiple of 5746?
True
Does 77 divide 1184439641?
True
Is 261 a factor of 62347419?
True
Is 81 a factor of 26442288?
True
Is 4173651 a multiple of 38?
False
Is 35 a factor of 282688271?
False
Does 3 divide 150468?
True
Does 94 divide 252671342?
True
Is 102100271 a multiple of 1930?
False
Is 283 a factor of 240817152?
True
Is 122674430 a multiple of 1070?
True
Is 5028805048 a multiple of 7153?
False
Does 52 divide 539618820?
True
Does 12 divide 174891099?
False
Is 1145315833 a multiple of 44?
False
Is 150 a factor of 456640757?
False
Is 56890526 a multiple of 7?
True
Is 5200446140 a multiple of 178?
False
Does 71 divide 45397613?
True
Is 35139880 a multiple of 145?
True
Is 190 a factor of 19379929?
False
Is 2732798 a multiple of 31?
False
Is 2 a factor of 190736?
True
Is 43650906 a multiple of 764?
False
Does 5 divide 13047536?
False
Does 125 divide 7266516?
False
Is 28051275 a multiple of 124?
False
Is 2387806198 a multiple of 7501?
False
Is 54 a factor of 754334046?
True
Is 27 a factor of 1628867286?
True
Is 250577423 a multiple of 866?
False
Is 15 a factor of 707090220?
True
Is 9520623 a multiple of 565?
False
I